when g is divided by 13?
11
Suppose 6 = -5*p + 31. Suppose 4*k + 14 = s + 2*k, s - p*k = 20. What is the remainder when 27 is divided by s?
7
Let d = 76 + -48. Calculate the remainder when d is divided by 15.
13
Let y = 8 - 1. Suppose 0*x + 19 = x. Calculate the remainder when x is divided by y.
5
What is the remainder when 1421/35 + 4/10 is divided by 6?
5
Let x be 13 - (18/(-3) - -3). Suppose -5*y = -49 - x. Calculate the remainder when 49 is divided by y.
10
Let x(g) = 2*g - 14. Let y be x(12). Suppose -2*d = y - 32. Calculate the remainder when 32 is divided by d.
10
What is the remainder when 54 is divided by 4/3*462/56?
10
Let g(u) = u + 3. Let p(v) = -v**3 - v**2 - v + 3. Let h be p(-3). Let k = 41 - h. Calculate the remainder when k is divided by g(3).
5
Suppose 5*z + 1 = -3*s - 50, -z - 27 = -5*s. Calculate the remainder when z/((-9)/6 + 0) is divided by 5.
3
Let o = -8 - -11. Calculate the remainder when 29/o + (-12)/(-36) is divided by 4.
2
Let k(o) = -o**2 + o + 91. What is the remainder when k(0) is divided by 31*(5/3 - 8/12)?
29
Let t(x) = 2*x - 1. Calculate the remainder when 27 is divided by t(4).
6
Let d = -129 - -221. Calculate the remainder when d is divided by 24.
20
Suppose -2*u = -u - 34. Let h = -22 + u. What is the remainder when 34 is divided by h?
10
Suppose -2*k - 2*b - b = -37, 5*k = -4*b + 75. What is the remainder when (-83)/(-2) + (-1)/(-2) is divided by k?
9
Let c be (-122)/5 - (-12)/30. What is the remainder when 62 is divided by c/(-10)*120/18?
14
Suppose 0 = -2*g + 10, -2*s + 0*g - 20 = -4*g. Suppose 5*z - 32 - 28 = s. Let k(j) = 7*j**2 + j + 1. Calculate the remainder when z is divided by k(-1).
5
Let n = -4 + 8. Let f = -9 - -27. Calculate the remainder when f is divided by 8/n + 7 + -2.
4
Let r(u) = u**3 - 5*u**2 - 11*u - 9. Calculate the remainder when 35 is divided by r(7).
11
Suppose -483 = -4*f - 3*f. What is the remainder when f is divided by 18?
15
Suppose 5*n = 92 + 33. Let w(v) = v**3 - 3*v**2 - 3*v - 2. Let m be w(3). Let h = n + m. Calculate the remainder when 55 is divided by h.
13
Let o = 172 + -115. Calculate the remainder when o is divided by 30.
27
Let i = -2 - -8. Let z = 0 + i. What is the remainder when 1*(-1 + 0)*-16 is divided by z?
4
Suppose -q - 3*q = g - 47, -3*q + 59 = -4*g. Let k(h) = -h + 19. Suppose 3*l + 0*l - 48 = 0. Calculate the remainder when l is divided by k(q).
4
Let n(m) = -2*m**2 + 2. Let v be n(-2). Let k = v + 12. Let f(y) = y**3 - y**2 - 3. What is the remainder when f(3) is divided by k?
3
Let o(m) = 9*m - 2. Calculate the remainder when 10 is divided by o(1).
3
Let q(m) = m**3 - 5*m**2 + 5*m - 2. Let w be q(4). Suppose -2*v = -2*a + 8, 2*v - 1 = -w*a + 7. Calculate the remainder when 19 is divided by v/(-2) + 7 - 0.
5
Let m(d) = -2*d**2 + 2*d + 1. Let y be m(-1). Let h(s) = s**2 + 52. What is the remainder when h(0) is divided by (4/y)/((-4)/54)?
16
Let d be (1/(-2))/((-2)/(-4)). Let p = d - 0. Calculate the remainder when 6/(-4)*p*14 is divided by 11.
10
Suppose 0 = -3*h - 4*l + 157, h + 3*l = -3*h + 221. Suppose 3*k + 4*i - 84 = -k, 3*i - 83 = -4*k. Calculate the remainder when h is divided by k.
19
Suppose -3*p = 2*p - 15. Suppose r - 11 + 0 = 0. What is the remainder when r is divided by p?
2
Suppose 14 = 2*r - 18. What is the remainder when 30 is divided by r?
14
Let u = -5 + 10. Let r = -8 + 14. Let m(p) = 2*p - 4. Calculate the remainder when m(r) is divided by u.
3
Let u(w) be the third derivative of w**6/15 - w**5/60 + w**4/24 - 3*w**2. Calculate the remainder when 29 is divided by u(1).
5
Let c = 88 + -39. Calculate the remainder when 188 is divided by c.
41
Let v = -277 + 418. Let u be (1/(-1))/((-3)/(-297)). Let q = v + u. What is the remainder when q is divided by 11?
9
Let l be (-12)/(-2)*2/3. Let q(m) = l + 2*m**2 + m + 2*m - 3*m. Calculate the remainder when q(-3) is divided by 8.
6
Let f be (10/6)/(5/(-30)). Let u = 16 + f. Suppose 5*j - u*j = -11. What is the remainder when 32 is divided by j?
10
Let w be -8*(-1)/2 - 2. Suppose -16 = -x - r, -w*x + 20 = x - 4*r. What is the remainder when (4 + -1)/(6/44) is divided by x?
10
What is the remainder when 7 + 1 - (1 - -1) is divided by 3?
0
Let k = -4 + 21. Suppose 5*b = w + 21, w + 14 = 4*b + 3*w. Calculate the remainder when k is divided by b.
1
Suppose n + 2*n - 3 = 0. Let a = n - -6. Let u(i) = -i**3 - 6*i**2 + 5*i - 1. What is the remainder when u(-7) is divided by a?
6
Suppose 21 = -5*m + 6*m + 2*g, -2*m + 10 = -4*g. What is the remainder when 115 is divided by m?
11
Let q = -5 + 12. Suppose -45 = 6*x - 195. Calculate the remainder when x is divided by q.
4
Suppose 3*c - 6 = -0*c. Let t(m) = -7*m - 4. Calculate the remainder when (-1)/c - (-51)/6 is divided by t(-1).
2
Suppose -a - 1 + 2 = 0. Suppose a = 3*n - 8. Suppose n*s - 50 = -2*s. What is the remainder when 38 is divided by s?
8
Let i = -16 + 65. What is the remainder when i is divided by 0 - (2/2 + -27)?
23
Suppose 0 = 10*k - 7*k - 27. Let w(v) be the third derivative of -5*v**4/8 + v**3/6 - v**2. What is the remainder when w(-1) is divided by k?
7
Let g be (2 + -2)/(4 - 3). What is the remainder when (-3)/(-3) - (g - 24) is divided by 7?
4
Let y(a) = -a**3 - a**2 + a + 18. Let v be y(0). Let b = 70 - v. Calculate the remainder when b is divided by 18.
16
Suppose 3*c - 5*d - 3 - 15 = 0, -5*d + 6 = c. What is the remainder when 20 is divided by c?
2
Let r = 19 - 12. What is the remainder when 24 is divided by r?
3
Suppose 3*w + 0*w - 5 = 4*h, 9 = -2*h - 5*w. Let s(m) = m**2 + 4*m - 1. Let d be s(h). Let f(o) = -3*o - 7. What is the remainder when f(d) is divided by 5?
3
Suppose -6*r + r + 35 = 0. Calculate the remainder when r is divided by 4.
3
Let c(v) = v**3 - 7*v**2 + 5*v + 8. Let k = -2 + 7. Calculate the remainder when k + -2*(-12)/(-8) is divided by c(6).
0
Suppose 8 = r - 3*r - 4*d, 0 = -2*r + 4*d + 16. Suppose 34 = o + 6. Calculate the remainder when o is divided by 11 - 1/(r - 1).
8
Let h = 53 + -33. Suppose 3*n - 8 = 4*q + 17, n - 8 = q. What is the remainder when h is divided by n?
6
Let f(k) = 3*k + 2. What is the remainder when f(6) is divided by 4?
0
Let w = -15 + 116. Calculate the remainder when w is divided by 34.
33
What is the remainder when 14 - 0 - (-1 + 5) is divided by (18/21)/((-1)/(-7))?
4
Let u(c) = c**2 + 2. Suppose 0*z - 3*z - 18 = 0. What is the remainder when u(z) is divided by 10?
8
Let t = -14 - -24. Let a = -1 - -3. Suppose 3*s - s + a*v = 10, -s + 4*v - t = 0. What is the remainder when s is divided by 1?
0
Let k = 15 - -29. Let m = 21 + -9. Let g = 27 - m. What is the remainder when k is divided by g?
14
Suppose -3*p + 6*p + 63 = 3*j, p + 61 = 3*j. Let x(t) = 2*t + 0*t**2 - 4*t + 4 + t**2. Calculate the remainder when j is divided by x(3).
6
What is the remainder when 66 is divided by 46/3*(-42)/(-28)?
20
Suppose -2*b + 108 + 62 = 0. Let o = b - 42. What is the remainder when o is divided by 22?
21
Let l(h) = 10*h - 3. Let s be l(-3). Suppose -k + 2*t + 4 = k, -5*k + t = -18. What is the remainder when k is divided by (-1)/5 - s/15?
0
Let f(g) = g**3 + 2*g**2 - 2*g - 3. Let l be f(-3). Calculate the remainder when 74/((-3)/l*4) is divided by 13.
11
Let p(s) be the first derivative of s**4/4 - 5*s**3/3 - 5*s**2/2 + s + 1. Suppose 0*r - 12 = -2*r. What is the remainder when 19 is divided by p(r)?
5
Let j = 17 + -27. What is the remainder when 55 is divided by 1480/50 + 6/j?
26
Let z(a) = -a**3 + a**2 + 1. Let l be z(2). Let h be -3*((-4)/l - 3). Let y = h + 5. What is the remainder when 29 is divided by y?
9
Suppose -2*a - 10 = -4*a. Suppose -3*c + a = -t, -2*t = c - 4 - 7. Calculate the remainder when c is divided by 3.
0
Let o(p) = 7*p - 33. What is the remainder when o(6) is divided by 3?
0
Suppose 0 - 12 = -2*a. Suppose 3*g - 21 = -3*i, -2*i + 4*i + a = 0. What is the remainder when g is divided by 4?
2
Suppose -3*g = -y - 4*y - 67, 5*g - 3*y - 117 = 0. Suppose -i + 4*i = g. Let f = 27 - -3. What is the remainder when f is divided by i?
6
Let j be (1 + (-2 - -1))/(-1). Let c(i) = -i**3 + i + 11. Calculate the remainder when 43 is divided by c(j).
10
Suppose -4*p - 2*d = -26, 3*p + d - 6*d = -13. Suppose 3*g + 2 = 3*w - 13, -p*g = w. Let q(v) = -v. What is the remainder when 2 is divided by q(g)?
0